y) = -54*y - 14. Determine x(28).
-1526
Let j(c) = -385*c + 840. Give j(-5).
2765
Let g(r) = -r**2 + 1874*r - 89396. Calculate g(49).
29
Let x(b) = 16*b**3 - 622*b**2 + 1863*b + 28. What is x(3)?
451
Let s(l) = -l**3 + 23*l**2 + 158*l - 541. What is s(28)?
-37
Let a(f) = -f**3 + 49*f**2 + 957*f + 205. Give a(64).
13
Let b(m) = 12*m**3 + 7*m**2 - 288*m - 2137. Give b(-7).
-3894
Let a(j) = -2466*j + 7539. What is a(3)?
141
Let q(h) = 536*h - 213873. Determine q(399).
-9
Let v(z) = 6224*z + 80543. Calculate v(-13).
-369
Let g(t) = -t**3 - 34*t**2 - 140*t + 1770. What is g(-26)?
2
Let m(c) = 5*c**2 - 280*c - 1507. Give m(61).
18
Let y(z) = 6*z**3 + 271*z**2 - 863*z + 13. Determine y(3).
25
Let z(i) = -i**3 + 27*i**2 + 602*i - 16046. Calculate z(28).
26
Let m(r) = -r**3 + 7*r**2 + 242*r + 10. Determine m(-13).
244
Let h(i) = 18*i**2 - 469*i - 12054. Determine h(42).
0
Let h(m) = -18*m**2 - 1098*m - 9186. Give h(-10).
-6
Let q(t) = t**3 - 69*t**2 + 63*t + 268. Calculate q(68).
-72
Let f(w) = 234*w + 49448. Calculate f(-222).
-2500
Let a(r) = -376*r**2 - 1517*r + 6. Determine a(-4).
58
Let o(x) = 14990*x - 179123. Determine o(12).
757
Let p(j) = -7*j**3 - 760*j**2 + 6905*j + 209. Calculate p(-117).
-25
Let g(m) = -22*m**2 - 25*m - 17. Give g(-8).
-1225
Let z(d) = -65534*d + 262123. What is z(4)?
-13
Let v(g) = -50922*g - 611062. Determine v(-12).
2
Let x(u) = -u**2 + 31*u + 9079. Determine x(105).
1309
Let s(j) = -1133*j - 10945. What is s(-9)?
-748
Let p(y) = 29064*y + 232498. Calculate p(-8).
-14
Let a(k) = -21*k**2 - 4399*k + 6805. Calculate a(-211).
53
Let z(s) = 4*s**3 + 3420*s**2 - 6847*s + 7721. Calculate z(-857).
8
Let k(v) = 6*v**2 + 203*v + 1493. Calculate k(-8).
253
Let l(r) = 664*r + 11484. What is l(-18)?
-468
Let n(q) = -7*q**3 + 266*q**2 + 1963*q - 74604. Determine n(38).
-10
Let t(m) = 2556*m + 1275507. Calculate t(-499).
63
Let r(h) = 6797*h - 82063. Give r(12).
-499
Let y(p) = p**3 + 41*p**2 + 3*p + 1143. Give y(-42).
-747
Let o(b) = -113498*b + 3631935. Calculate o(32).
-1
Let y(g) = -g**3 - 1377*g**2 + 8*g + 6. Give y(0).
6
Let i(v) = -2*v**2 + 18*v + 2951. Calculate i(43).
27
Let j(v) = v**3 - 829*v**2 + 8253*v - 51614. Calculate j(819).
-17
Let v(d) = d**2 + 701871*d + 2807461. Give v(-4).
-7
Let t(g) = g**3 - 45*g**2 - 887*g + 3587. Determine t(59).
-12
Let r(z) = -6*z**3 + 18*z**2 + 513*z - 1973. Calculate r(4).
-17
Let y(l) = 26*l**2 - 285*l - 850. What is y(-3)?
239
Let n(y) = 3*y**2 + 2136*y - 8. Calculate n(-712).
-8
Let d(k) = 408*k + 100368. Calculate d(-246).
0
Let g(f) = 1310*f + 33981. What is g(-26)?
-79
Let l(o) = 1038*o - 87178. Determine l(84).
14
Let s(v) = -2*v**3 - 298*v**2 + 20*v + 2970. Calculate s(-149).
-10
Let k(n) = -n**3 + 57*n**2 - 24*n + 9506. Calculate k(59).
1128
Let u(n) = -11202*n - 122067. Determine u(-11).
1155
Let l(k) = 2*k**3 - 140*k**2 - 290*k + 29519. Calculate l(69).
-13
Let k(t) = -t**2 + 78424*t + 4630494. Calculate k(-59).
-3
Let s(i) = -2*i**3 + 21*i**2 - 505*i + 2234. What is s(5)?
-16
Let p(g) = -g**2 + 4969*g + 64785. Give p(-13).
19
Let m(i) = -166*i + 1816. Determine m(15).
-674
Let o(r) = -177*r + 18016. Give o(107).
-923
Let d(b) = 563081*b - 2815402. Calculate d(5).
3
Let z(x) = -2146*x - 193117. Determine z(-90).
23
Let n(i) = 5054*i - 32426. Give n(6).
-2102
Let f(g) = 313*g + 51570. Give f(-164).
238
Let l(g) = 21*g**2 + 855*g - 2588. Determine l(3).
166
Let a(b) = 835204*b + 3340807. What is a(-4)?
-9
Let n(r) = -2150*r - 6321. Calculate n(-3).
129
Let w(s) = -s**2 - 58*s - 580. Calculate w(-60).
-700
Let y(q) = -8*q**2 - 158*q - 316. Give y(-20).
-356
Let b(d) = -17*d**2 - 8653*d + 60450. Calculate b(7).
-954
Let q(b) = 30*b**2 + 249*b - 1404. Give q(5).
591
Let r(v) = -10*v**2 + 333*v - 1681. Give r(6).
-43
Let x(p) = 2*p**3 + 409*p**2 + 20787*p - 343. Give x(-110).
-13
Let t(a) = a**3 + a**2 - 169*a - 622. Determine t(-4).
6
Let b(n) = 406*n + 3852. Give b(-8).
604
Let f(x) = 1893*x + 647470. What is f(-342)?
64
Let r(k) = 18*k**2 - 523*k - 833. Calculate r(32).
863
Let l(q) = 2*q**2 + 238*q + 5689. Determine l(-22).
1421
Let o(f) = -46*f - 6989. What is o(-152)?
3
Let c(t) = 143*t**2 + 1568*t - 46. Calculate c(-11).
9
Let w(i) = 1047*i**2 + 38927*i + 6940. What is w(-37)?
-16
Let m(g) = 816*g + 376152. Give m(-461).
-24
Let m(z) = -z**2 - 1586*z + 15963. Determine m(10).
3
Let d(a) = -2512*a - 7497. What is d(-3)?
39
Let l(k) = -147139*k + 5297078. Determine l(36).
74
Let x(z) = z**3 - 26*z**2 - 705*z - 2031. Determine x(-14).
-1
Let p(j) = -18120*j + 54343. Give p(3).
-17
Let w(x) = -303*x - 43370. Determine w(-144).
262
Let z(s) = s**3 + 5*s**2 - 601*s - 516. Determine z(23).
473
Let g(t) = -7*t**2 - 1406*t - 68670. Determine g(-117).
9
Let w(t) = -1817*t - 43807. Calculate w(-24).
-199
Let z(h) = -9*h**2 - 2717*h - 50469. What is z(-282)?
9
Let n(q) = -27*q**3 + 8*q**2 + 29*q + 26. Determine n(-3).
740
Let o(b) = 53*b**2 - 7423*b + 411. Calculate o(140).
-9
Let k(g) = -4*g**3 + 69*g**2 + 16*g - 23. Give k(17).
538
Let g(m) = 3*m**3 - 197*m**2 + 218*m - 5704. Determine g(65).
16
Let n(x) = 9*x**3 - 187*x**2 + 1749*x - 37615. What is n(21)?
-4
Let a(l) = 172682*l - 14. What is a(0)?
-14
Let u(k) = k**3 - 25*k**2 - 118*k - 318. Determine u(29).
-376
Let s(j) = j**2 - 2407*j - 4823. Give s(-2).
-5
Let s(d) = 163*d**2 + 24450*d - 5. Determine s(-150).
-5
Let h(u) = -2*u**3 - 27*u**2 - 736*u - 9484. What is h(-13)?
-85
Let h(j) = -j**3 - 203*j**2 - 581*j + 3849. Determine h(-200).
49
Let h(o) = -34*o**2 - 3649*o - 1176. Give h(-107).
1
Let k(x) = -x**3 + 39*x**2 - 72*x - 65. Determine k(37).
9
Let m(z) = 48703*z + 827974. Give m(-17).
23
Let j(p) = p**2 - 72*p - 22493. Give j(-118).
-73
Let c(d) = -3635*d**2 + 18167*d + 38. Calculate c(5).
-2
Let x(g) = -578*g + 127203. What is x(220)?
43
Let v(t) = -348*t + 59126. Calculate v(170).
-34
Let c(w) = w**3 - 59*w**2 + 56*w + 2784. Calculate c(58).
2668
Let u(h) = -18*h**3 + 47*h**2 - 316*h + 498. What is u(3)?
-513
Let r(p) = 2*p**3 + 57*p**2 + 423*p + 364. What is r(-16)?
-4
Let b(q) = 3*q**3 - 99*q**2 - 197*q - 456. Give b(35).
-1
Let w(b) = -20*b**3 - 2*b**2 - 324*b + 328. Calculate w(1).
-18
Let s(i) = -106*i + 2708. Determine s(37).
-1214
Let g(t) = -t**3 + 50*t**2 + 1084*t - 54232. What is g(50)?
-32
Let h(d) = -d**3 - 69*d**2 - 382*d + 65. What is h(-63)?
317
Let s(o) = -20453*o - 2474750. Calculate s(-121).
63
Let i(c) = c**2 - 1769*c + 158985. Determine i(95).
-45
Let t(q) = 219*q - 29766. Give t(145).
1989
Let d(p) = 2362*p - 1965173. What is d(832)?
11
Let i(q) = 6*q**3 + 206*q**2 + 74*q + 202. Determine i(-34).
-2
Let h(a) = a**2 - 1308*a - 14766. Give h(-11).
-257
Let v(u) = -u**2 + 301*u - 2905. Give v(10).
5
Let f(z) = 2*z**3 + 23*z**2 + 5262*z + 63322. Calculate f(-12).
34
Let h(v) = -27924*v + 418993. Give h(15).
133
Let v(g) = -2*g**2 - 10054*g + 151266. Calculate v(15).
6
Let f(j) = 6*j**2 - 8561*j + 3042984. Calculate f(671).
-1
Let w(d) = -d**3 - 319*d**2 - 22574*d + 78. Calculate w(-213).
-774
Let l(j) = -20*j**2 - 1670*j + 1674. Determine l(1).
-16
Let c(b) = 13*b**3 + 8*b**2 - 6*b - 66. Give c(6).
2994
Let k(o) = 69*o**2 - 4014*o - 40222. Determine k(-10).
6818
Let d(n) = -24821*n - 32341754. Determine d(-1303).
9
Let f(r) = -9*r**2 - 427*r + 159. Calculate f(-48).
-81
Let a(i) = -i**2 - 16145*i - 7184640. Calculate a(-458).
6
Let a(p) = -p**3 + 69*p**2 + 2469*p + 295. What is a(95)?
200
Let o(s) = -40*s**2 - 1057*s - 41. Give o(-28).
-1805
Let w(a) = 14*a**2 - 73*a - 724. Calculate w(-5).
-9
Let a(w) = -w**3 - 59*w**2 - 454*w - 520. Determine a(-50).
-320
Let j(g) = g**3 - 20*g**2 - 38213*g + 726427. Determine j(19).
19
Let t(y) = 464*y**2 + 108*y + 87. Give t(-1).
443
Let x(g) = -7354*g - 705963. Determine x(-96).
21
Let c(n) = n**3 - 20*n**2 + 3770*n - 67210. Determine c(18).
2
Let t(g) = 2*g**3 - 399*g**2 + 18297*g - 3551. Calculate t(71).
-1
Let y(p) = 4*p**3 + 38*p**2 - 577*p - 5785. Give y(-10).
-215
Let l(u) = u**2 - 337*u + 18020. Determine l(65).
340
Let r(f) = 85*f**2 + 367*f + 295. Give r(-1).
13
Let q(j) = 22*j**2 + 8649*j + 35652. What is q(-389)?
253
Let b(z) = 43415*z + 18842107. Determine b(-434).
-3
Let g(j) = -14*j**2 + 637*j + 119685. Give g(118).
-85
Let w(h) = 3*h**3 - 256*h**2